 digit of 384353443?
3
What is the tens digit of 1492091174?
7
What is the ten millions digit of 1849837533?
4
What is the hundred millions digit of 292205284?
2
What is the units digit of 18051783?
3
What is the units digit of 3355512342?
2
What is the ten thousands digit of 10299467?
9
What is the thousands digit of 31764687?
4
What is the hundreds digit of 1251204159?
1
What is the units digit of 1413019?
9
What is the millions digit of 94634193?
4
What is the millions digit of 13600900?
3
What is the tens digit of 1908893087?
8
What is the hundred millions digit of 4093300203?
0
What is the thousands digit of 1797235792?
5
What is the ten millions digit of 468867660?
6
What is the ten thousands digit of 332997816?
9
What is the ten thousands digit of 361688850?
8
What is the thousands digit of 978157544?
7
What is the thousands digit of 20589171?
9
What is the hundred thousands digit of 119476468?
4
What is the tens digit of 597562637?
3
What is the thousands digit of 772964905?
4
What is the ten thousands digit of 240538347?
3
What is the ten millions digit of 20554222?
2
What is the millions digit of 96148071?
6
What is the billions digit of 2252720935?
2
What is the ten thousands digit of 438181452?
8
What is the units digit of 2829022621?
1
What is the millions digit of 1605562210?
5
What is the thousands digit of 3271089315?
9
What is the hundred thousands digit of 56548968?
5
What is the hundreds digit of 112256886?
8
What is the ten millions digit of 58956737?
5
What is the units digit of 2583098240?
0
What is the billions digit of 3976918649?
3
What is the hundreds digit of 471941307?
3
What is the units digit of 940710568?
8
What is the millions digit of 996497380?
6
What is the units digit of 9030954607?
7
What is the hundred thousands digit of 1855611001?
6
What is the hundreds digit of 4035709536?
5
What is the millions digit of 3056340273?
6
What is the tens digit of 32053021?
2
What is the units digit of 305365036?
6
What is the ten thousands digit of 426177754?
7
What is the tens digit of 839909841?
4
What is the tens digit of 76450763?
6
What is the hundred millions digit of 411161574?
4
What is the millions digit of 33437325?
3
What is the hundred thousands digit of 270652694?
6
What is the hundred millions digit of 670375990?
6
What is the hundred thousands digit of 468060250?
0
What is the hundreds digit of 135822586?
5
What is the hundred thousands digit of 5833568112?
5
What is the units digit of 73797785?
5
What is the ten millions digit of 7469844303?
6
What is the ten millions digit of 49280594?
4
What is the hundred millions digit of 1844727888?
8
What is the tens digit of 2505384303?
0
What is the millions digit of 2658991774?
8
What is the hundreds digit of 870593088?
0
What is the millions digit of 138516497?
8
What is the millions digit of 1327364863?
7
What is the millions digit of 13321553?
3
What is the ten millions digit of 97210424?
9
What is the tens digit of 1010365802?
0
What is the ten thousands digit of 2135967713?
6
What is the tens digit of 4308265053?
5
What is the ten millions digit of 105477686?
0
What is the thousands digit of 18684830?
4
What is the hundred thousands digit of 402644119?
6
What is the hundreds digit of 47261589?
5
What is the units digit of 4386929565?
5
What is the tens digit of 5555067882?
8
What is the ten thousands digit of 1577445135?
4
What is the ten thousands digit of 1465822081?
2
What is the hundred thousands digit of 24041769?
0
What is the hundreds digit of 81115779?
7
What is the thousands digit of 1331939878?
9
What is the hundred thousands digit of 20152737?
1
What is the hundred millions digit of 220150679?
2
What is the thousands digit of 533398241?
8
What is the hundred millions digit of 3247591382?
2
What is the units digit of 635680157?
7
What is the units digit of 135885747?
7
What is the hundred thousands digit of 625164865?
1
What is the millions digit of 444092513?
4
What is the hundreds digit of 598374812?
8
What is the hundred millions digit of 981646806?
9
What is the hundreds digit of 5191320?
3
What is the millions digit of 3771259?
3
What is the hundreds digit of 1656447683?
6
What is the hundred thousands digit of 73049395?
0
What is the thousands digit of 59622114?
2
What is the ten thousands digit of 67852458?
5
What is the billions digit of 1229611765?
1
What is the ten millions digit of 106897522?
0
What is the hundreds digit of 447626363?
3
What is the ten millions digit of 36175881?
3
What is the units digit of 6224700141?
1
What is the ten millions digit of 220122878?
2
What is the hundreds digit of 430080075?
0
What is the thousands digit of 148284765?
4
What is the tens digit of 298638894?
9
What is the millions digit of 202321477?
2
What is the units digit of 1042991009?
9
What is the hundred millions digit of 436317527?
4
What is the hundred thousands digit of 377048288?
0
What is the hundreds digit of 61656387?
3
What is the ten thousands digit of 186591118?
9
What is the ten thousands digit of 5805920?
0
What is the ten thousands digit of 216823353?
2
What is the hundred thousands digit of 4404653000?
6
What is the hundred millions digit of 3703871698?
7
What is the hundreds digit of 52420116?
1
What is the hundred millions digit of 151565359?
1
What is the hundreds digit of 502524706?
7
What is the ten millions digit of 64903993?
6
What is the millions digit of 2834459328?
4
What is the ten millions digit of 2051398856?
5
What is the hundred millions digit of 238293434?
2
What is the millions digit of 261957054?
1
What is the hundred thousands digit of 41113180?
1
What is the hundreds digit of 70788234?
2
What is the hundreds digit of 1075596049?
0
What is the millions digit of 358197483?
8
What is the millions digit of 49837147?
9
What is the thousands digit of 15601610?
1
What is the thousands digit of 83103843?
3
What is the units digit of 227517109?
9
What is the millions digit of 490678826?
0
What is the thousands digit of 3808025179?
5
What is the units digit of 2963694427?
7
What is the ten thousands digit of 564078378?
7
What is the hundred millions digit of 431033977?
4
What is the thousands digit of 109087650?
7
What is the thousands digit of 550168?
0
What is the ten thousands digit of 467406936?
0
What is the tens digit of 124203712?
1
What is the ten millions digit of 15202696?
1
What is the thousands digit of 495751962?
1
What is the tens digit of 5198200?
0
What is the thousands digit of 46196659?
6
What is the hundred millions digit of 6862958226?
8
What is the tens digit of 131302?
0
What is the hundred thousands digit of 1762584448?
5
What is the millions digit of 154233381?
4
What is the units digit of 85684631?
1
What is the tens digit of 343288069?
6
What is the units digit of 27590807?
7
What is the tens digit of 354327221?
2
What is the millions digit of 549789146?
9
What is the ten thousands digit of 85428166?
2
What is the thousands digit of 4412370751?
0
What is the hundreds digit of 1925707943?
9
What is the hundreds digit of 496858434?
4
What is the thousands digit of 24623123?
3
What is the millions digit of 1229394763?
9
What is the tens digit of 914283627?
2
What is the billions digit of 1077754677?
1
What is the tens digit of 1215962275?
7
What is the ten millions digit of 516851285?
1
What is the units digit of 101800177?
7
What is the hundreds digit of 25648344?
3
What is the billions digit of 8676660202?
8
What is the hundreds digit of 5593339?
3
What is the hundred thousands digit of 175064531?
0
What is the units digit of 43957993?
3
What is the billions digit of 3179573974?
3
What is the hundred thousands digit of 450160573?
1
What is the ten millions digit of 471221653?
7
What is the billions digit of 1580239726?
1
What is the ten millions digit of 1265760924?
6
What is the ten thousands digit of 67364766?
6
What is the hundred thousands digit of 853607911?
6
What is the hundred millions digit of 811004082?
8
What is the tens digit of 4881076?
7
What is the millions digit of 915804382?
5
What is the millions digit of 129170149?
9
What is the ten millions digit of 68501947?
6
What is the ten thousands digit of 73717967?
1
What is the thousands digit of 20378014?
8
What is the millions digit o